?
2, 3, 7, 17, 839
List the prime factors of 18541748.
2, 4635437
List the prime factors of 5023948.
2, 43, 29209
What are the prime factors of 876088?
2, 41, 2671
List the prime factors of 4042127.
211, 19157
List the prime factors of 98175.
3, 5, 7, 11, 17
What are the prime factors of 25713908?
2, 11, 23, 25409
What are the prime factors of 334665?
3, 5, 37, 67
List the prime factors of 24467699.
23, 1063813
What are the prime factors of 35155?
5, 79, 89
What are the prime factors of 521931?
3, 173977
What are the prime factors of 15143578?
2, 719, 10531
What are the prime factors of 2623300?
2, 5, 37, 709
What are the prime factors of 523036?
2, 229, 571
List the prime factors of 50566.
2, 131, 193
What are the prime factors of 6240278?
2, 11, 29, 9781
What are the prime factors of 2942103?
3, 43, 22807
What are the prime factors of 7157902?
2, 3578951
What are the prime factors of 12068905?
5, 23, 104947
What are the prime factors of 168692?
2, 181, 233
What are the prime factors of 2354697?
3, 87211
What are the prime factors of 5882788?
2, 53, 27749
List the prime factors of 21157512.
2, 3, 271, 3253
List the prime factors of 391338.
2, 3, 7247
What are the prime factors of 1412722?
2, 43, 16427
List the prime factors of 5781944.
2, 7, 223, 463
What are the prime factors of 443311?
11, 191, 211
List the prime factors of 17873.
61, 293
List the prime factors of 1270650.
2, 3, 5, 43, 197
List the prime factors of 2395056.
2, 3, 41, 1217
What are the prime factors of 6590261?
6590261
What are the prime factors of 1383951?
3, 461317
What are the prime factors of 509859?
3, 7, 8093
What are the prime factors of 975248?
2, 60953
List the prime factors of 6231426.
2, 3, 41, 73, 347
List the prime factors of 609041.
227, 2683
What are the prime factors of 846503?
7, 120929
What are the prime factors of 1073829?
3, 263, 1361
List the prime factors of 27253689.
3, 23, 394981
List the prime factors of 140814.
2, 3, 7823
List the prime factors of 2163092.
2, 540773
What are the prime factors of 13552571?
757, 17903
What are the prime factors of 253704?
2, 3, 11, 31
List the prime factors of 3349089.
3, 372121
What are the prime factors of 106623?
3, 11, 359
List the prime factors of 63688.
2, 19, 419
List the prime factors of 1568803.
89, 17627
List the prime factors of 6677153.
7, 23, 67, 619
What are the prime factors of 963790?
2, 5, 31, 3109
What are the prime factors of 551470?
2, 5, 55147
What are the prime factors of 1342040?
2, 5, 7, 4793
List the prime factors of 2915406.
2, 3, 13, 4153
What are the prime factors of 26219174?
2, 13109587
What are the prime factors of 5474196?
2, 3, 7, 13, 557
What are the prime factors of 22278498?
2, 3, 11, 41, 8233
What are the prime factors of 716725?
5, 28669
List the prime factors of 2597905.
5, 519581
List the prime factors of 1783046.
2, 891523
What are the prime factors of 314544?
2, 3, 6553
List the prime factors of 173977.
173977
List the prime factors of 2284320.
2, 3, 5, 4759
What are the prime factors of 1314900?
2, 3, 5, 487
List the prime factors of 669389.
7, 19, 719
What are the prime factors of 38798?
2, 19, 1021
List the prime factors of 6574332.
2, 3, 53, 10337
What are the prime factors of 10380548?
2, 883, 2939
List the prime factors of 211814.
2, 105907
What are the prime factors of 9565851?
3, 3188617
What are the prime factors of 937332?
2, 3, 11, 263
What are the prime factors of 109047?
3, 163, 223
What are the prime factors of 638252?
2, 159563
What are the prime factors of 140601?
3, 46867
List the prime factors of 3511747.
283, 12409
List the prime factors of 874891.
874891
List the prime factors of 319814.
2, 11, 14537
What are the prime factors of 153403?
179, 857
What are the prime factors of 603037?
23, 157, 167
What are the prime factors of 7889160?
2, 3, 5, 29, 2267
List the prime factors of 1170047.
317, 3691
List the prime factors of 527017.
17, 29, 1069
What are the prime factors of 213433?
11, 19403
List the prime factors of 10878408.
2, 3, 50363
List the prime factors of 37925.
5, 37, 41
What are the prime factors of 106457?
13, 19, 431
List the prime factors of 62861.
62861
List the prime factors of 5851878.
2, 3, 975313
What are the prime factors of 4940291?
4940291
What are the prime factors of 136147?
11, 12377
What are the prime factors of 16057511?
16057511
What are the prime factors of 356284?
2, 89071
What are the prime factors of 8332276?
2, 71, 29339
List the prime factors of 9893664.
2, 3, 11, 347
List the prime factors of 684176.
2, 61, 701
What are the prime factors of 9467772?
2, 3, 31, 821
What are the prime factors of 2893672?
2, 17, 21277
List the prime factors of 177917.
177917
List the prime factors of 254185.
5, 29, 1753
What are the prime factors of 4491392?
2, 35089
What are the prime factors of 2921311?
1097, 2663
List the prime factors of 1347575.
5, 19, 2837
List the prime factors of 489628.
2, 109, 1123
What are the prime factors of 6951591?
3, 41, 18839
List the prime factors of 1699730.
2, 5, 31, 5483
List the prime factors of 144610.
2, 5, 14461
What are the prime factors of 111305?
5, 113, 197
What are the prime factors of 6077070?
2, 3, 5, 67523
List the prime factors of 224195.
5, 44839
List the prime factors of 2297062.
2, 19, 60449
What are the prime factors of 196027?
13, 17, 887
List the prime factors of 3990209.
19, 210011
What are the prime factors of 3693613?
7, 11, 47969
List the prime factors of 4236142.
2, 67, 101, 313
List the prime factors of 1554190.
2, 5, 11, 71, 199
List the prime factors of 4341777.
3, 11, 41, 3209
List the prime factors of 9961072.
2, 11, 56597
What are the prime factors of 170204?
2, 17, 2503
What are the prime factors of 230472?
2, 3, 11, 97
List the prime factors of 261655.
5, 43, 1217
What are the prime factors of 472602?
2, 3, 13, 73, 83
List the prime factors of 17023126.
2, 19, 347, 1291
List the prime factors of 1009380.
2, 3, 5, 16823
What are the prime factors of 2012655?
3, 5, 134177
List the prime factors of 2176005.
3, 5, 13, 11159
List the prime factors of 17388303.
3, 31, 59, 3169
What are the prime factors of 394126?
2, 197063
List the prime factors of 1173560.
2, 5, 29339
What are the prime factors of 450421?
450421
What are the prime factors of 18851568?
2, 3, 392741
What are the prime factors of 1188019?
7, 23, 47, 157
List the prime factors of 371106.
2, 3, 53, 389
What are the prime factors of 309904?
2, 7, 2767
What are the prime factors of 446300?
2, 5, 4463
List the prime factors of 258797.
7, 11, 3361
List the prime factors of 5335336.
2, 757, 881
List the prime factors of 696563.
7, 151, 659
List the prime factors of 2278452.
2, 3, 11, 41, 421
List the prime factors of 1489054.
2, 7, 31, 47, 73
List the prime factors of 4582409.
13, 352493
List the prime factors of 11255806.
2, 5627903
List the prime factors of 167684.
2, 11, 37, 103
What are the prime factors of 2602575?
3, 5, 43, 269
What are the prime factors of 2424112?
2, 151507
List the prime factors of 54836.
2, 13709
List the prime factors of 3969459.
3, 13, 43, 263
List the prime factors of 3121783.
7, 445969
List the prime factors of 832316.
2, 251, 829
What are the prime factors of 164695?
5, 32939
What are the prime factors of 1398835?
5, 279767
What are the prime factors of 539214?
2, 3, 13, 31, 223
List the prime factors of 73991.
23, 3217
What are the prime factors of 10216704?
2, 3, 53, 251
List the prime factors of 632160.
2, 3, 5, 439
What are the prime factors of 2424456?
2, 3, 151, 223
What are the prime factors of 1882798?
2, 43, 21893
List the prime factors of 14549227.
7, 11, 26993
List the prime factors of 2360417.
2360417
List the prime factors of 20205128.
2, 41, 229, 269
What are the prime factors of 2293844?
2, 7, 17, 61, 79
List the prime factors of 2009980.
2, 5, 7, 293
What are the prime factors of 642187?
7, 13, 7057
What are the prime factors of 1408118?
2, 704059
What are the prime factors of 7799235?
3, 5, 463, 1123
List the prime factors of 539109.
3, 41, 487
What are the prime factors of 254594?
2, 127297
What are the prime factors of 750631?
7, 15319
List the prime factors of 102263.
7, 2087
List the prime factors of 3065056.
2, 95783
What are the prime factors of 826739?
31, 26669
L